2699032)/(-21))/((-3)/(-9)) composite?
False
Let g be (6 + -7 - 1/2)*6. Let z = g - -356. Is z a prime number?
True
Let v(d) = 1998*d - 473. Is v(8) composite?
False
Suppose 4*t - 7*t + 219 = 0. Let f(p) = 34*p - 27*p + 118*p - t. Is f(6) a composite number?
False
Let q = 46575 - 27622. Suppose -6 = 3*x, -b - x = -4*b + q. Suppose -i = -4*w + 2170 + b, -4*i = -4*w + 8472. Is w composite?
True
Is 367204*(351/(-36) + (3 - -8)) a composite number?
True
Suppose 11*b - 317189 - 38285 - 43243 = 0. Is b composite?
True
Let i be (-1)/((-2)/4) - -12. Let j = -28 + i. Let d = j - -501. Is d prime?
True
Let m be 7300/2 - (-3 + 0). Suppose -3*x - m = -4*j, x = 4*j - 60 - 1163. Is (-6)/(-21) + x/(-35) a prime number?
False
Let w = 430488 + -272581. Is w composite?
False
Let y(s) = -34*s + 4661. Suppose 0 = 24*t - 21*t. Is y(t) a prime number?
False
Let k = -415954 + 1953617. Is k a prime number?
False
Let z = 97 - 94. Suppose -z*m = -2*f + 3*f - 1481, 2*f + 489 = m. Is m a composite number?
True
Let h(u) = -8*u + 272 - u**2 - 276 - 2*u**2 + u**2. Let m be h(-2). Suppose 2*i + 4*b = 210, 283 = 4*i + m*b - 153. Is i prime?
True
Let z(t) = 7021*t**2 + 4*t + 5. Suppose 3*p + 1 = -2*n, 3 = -2*p - 4*n + 5*n. Let d be z(p). Suppose -d - 10149 = -11*y. Is y prime?
False
Suppose -l - 237 = 109. Let j = l - -743. Is j a prime number?
True
Let y(o) = -64*o + 1. Let w be y(-3). Let d(x) = x**3 - x**2 - 4*x + 219. Let q be d(0). Suppose -2*s = v - q + 30, -3*s + w = v. Is v a composite number?
False
Let t = -2007859 - -3034242. Is t composite?
False
Suppose 1 = -7*b + 7792. Let p = b - 466. Is p a composite number?
False
Let y = 2896 - 1535. Suppose 2*b + 3*g = 18, -4*g - 6 = b - 25. Is (8/2 - b)*y prime?
True
Let c = 98470 - 51249. Is c composite?
False
Let o(k) = 20282*k + 461. Is o(45) prime?
True
Let k = 73 + -71. Suppose -k*s = -0*s + 1006. Is 28/(-56) - s/2 composite?
False
Let z be 6/(108/42) - 2/6. Let x(g) = 36*g**2 + 13*g**z - 4 + g**2 + 2*g**2 - 5*g. Is x(-3) a composite number?
False
Let s = 4350 + 5400. Let g = -4951 + s. Is g a composite number?
False
Let i be 91880/18 - (2 + (-14)/9). Let w = i + -2711. Is w composite?
False
Let g(v) = -6562*v + 158. Let a be g(-8). Suppose 0 = -10*p + 3*p + a. Is p prime?
False
Let w(o) = -2429*o - 17. Is w(-20) prime?
True
Is (-13)/((-260)/1109750) - (-4)/(-8) a composite number?
False
Suppose 8*j = -15*j + 93058. Let l = j + -2809. Is l a prime number?
True
Let g = 313 - 176. Suppose -5*w - 131 = -2*i, -i - i = w - g. Let d = 133 + i. Is d prime?
False
Suppose -31755 = -176*c + 19497733. Is c prime?
False
Let b be (-35)/(-7)*-1 + 10. Is 1542 - (-1 - b)/6 a composite number?
False
Let a = -34288 - -12766. Let r = 38599 + a. Is r prime?
True
Suppose 19506196 = 24*r - 4448934 + 5451538. Is r a composite number?
True
Let c be 22 + 24/10 + 16/(-40). Suppose 2*i + 4*y = -60, i = -3*y + 4*y - c. Is (-27746)/i - (-6)/(-39) a prime number?
False
Let l(x) = 7*x**2 + 13*x - 49. Let r = -48 - -48. Suppose -6*o + 150 - 42 = r. Is l(o) prime?
False
Is (1165 + 6)*(-22 + 69) composite?
True
Let g(c) = 2*c**2 - 2*c + 8. Suppose -13*o = -12*o + 4. Let w be g(o). Suppose -w*v - 2056 = -52*v. Is v prime?
False
Suppose 0 = m - 3*i - 26 - 13, 2*m + i - 78 = 0. Let t(c) = 40*c**2 - 10*c - m*c**2 - 2 + 13. Is t(15) composite?
True
Suppose 9*m - 14*m + 15 = 0. Suppose -24*t + 63 = -m*t. Suppose -t*u + 1026 + 123 = 0. Is u a composite number?
False
Let q(a) = 969*a**3 - 104*a**2 - 5*a - 19. Is q(8) a prime number?
False
Suppose -128411 = -25*z + 56414. Let l = z + -3806. Is l composite?
True
Is (5 - (11 - (-45)/(-9)))*-34201 prime?
False
Let k(t) = -715*t**3 - 22*t**2 - 76*t - 1181. Is k(-16) a prime number?
True
Let j(w) = -w**3 + 10*w**2 + 8. Let t be j(10). Is (2694 - (t - 2)) + (-2 - 3) prime?
True
Suppose -149*o - 157270 = -325*o + 166*o. Is o composite?
False
Suppose t - 5004800 = -25*t - 1005558. Is t a composite number?
False
Is (-1141887)/(-60) + (-2)/10 - (-227)/(-908) a composite number?
False
Suppose -35729 = 1935*f - 1936*f. Is f prime?
True
Let j(h) = 15115*h + 2. Let l be j(1). Suppose 2*a = -3*k + 1006 + 9072, -3*k - l = -3*a. Is a a prime number?
True
Let s(x) = 205*x**2 + 79*x - 659. Is s(8) a composite number?
False
Suppose -3*m = -2*k + 16, 3*m + 5 = 3*k - 19. Is (13954/(-6))/((-69)/(-9) - k) a composite number?
False
Let o = 6686 + 2133. Is o composite?
False
Let m(n) = -112581*n + 1076. Is m(-1) prime?
True
Suppose w + 14*s - 11*s - 1910 = 0, w = -4*s + 1911. Let l = w - 696. Is l prime?
False
Let m = 4 - 3. Suppose 63*c - 73*c = 1110. Is 10/(m/(c/(-6))) composite?
True
Let h be -3*(8 + (-5528)/(-3)). Let j = -2785 - h. Is j composite?
False
Let r(y) = y**3 + 22*y**2 + 34*y + 6. Let z(p) = -10*p + 13. Let h be z(3). Let l be r(h). Suppose -l + 3469 = 4*g - 5*k, 2*k = -3*g + 1947. Is g composite?
True
Let i be (-12)/(5/((-30)/9)). Let n(a) = 40*a + 35. Let h be n(i). Suppose 0 = -4*v + y + h, 4*v - 2*y = -0*v + 354. Is v prime?
True
Let u(l) = -11*l**3 + 2*l - 8. Let i(y) = -3*y + 16. Suppose -2*x - 3*q = -7*x + 41, 39 = 5*x - 2*q. Let n be i(x). Is u(n) composite?
True
Let r = -5321 - -16504. Is r a composite number?
True
Is 6*(-15)/(-18)*78582/30 prime?
False
Let z = -16 - -23. Let s(b) = 837*b + 22. Let a be s(z). Suppose -4*k + a = y, -y - 1556 - 4331 = -4*k. Is k a prime number?
True
Let s(h) = 647*h**2 - 9*h + 9. Suppose -2*m + c + 8 = -0, 4*c = -4*m - 8. Is s(m) a prime number?
True
Let d be -3 - -2434 - (-5 - 0). Suppose -3*a + 4*w + d = w, 4*a + w = 3233. Is a a prime number?
True
Let u(q) = -28629*q - 2900. Is u(-3) a prime number?
False
Let m be (-9)/(-6)*6*(-4)/(-18). Suppose 0 = o - 0*o + m. Is (-11265)/(-45) + o/(-3) a prime number?
True
Suppose 50 = 10*h - 130. Suppose 7*x - 87625 = -h*x. Is x composite?
True
Let j = -18028 - -50375. Is j composite?
True
Suppose 4*p = -m + 569898, 45*m = 3*p + 40*m - 427389. Is p composite?
True
Suppose -11821 = -3*a + c, 106*a - 2*c + 11827 = 109*a. Is a a composite number?
True
Let q(u) = -13*u - 11 - 4*u**2 - 2 - 12*u + 12. Let n be q(-6). Suppose -5*w + 1640 + 341 = -4*l, -5*l + n = 0. Is w a prime number?
True
Let d(u) = -u**3 - 2*u**2 + 3*u + 3. Let k be d(-3). Let i(n) be the second derivative of 6*n**5/5 - n**4/6 + n**2/2 - 29*n. Is i(k) a composite number?
False
Let p(l) = 5*l + 110. Let w be p(-21). Suppose 6 = -f + 3, -w*f + 590 = 5*v. Is v a composite number?
True
Let r(t) = -t**3 - 21*t**2 - t - 4. Let g be r(-21). Suppose g*f + 20 = 22*f. Suppose -3613 = -f*a + 3*d, 2*a = -3*a + d + 4530. Is a prime?
True
Let b be 4 + (-2 + 6 - 459). Is (b/(-164))/(2/2248) a composite number?
True
Let j be 261/63 - (-3)/(-21). Is (j/(-1))/(20/(-3310)) composite?
True
Let s = -190609 - -313302. Is s composite?
False
Suppose -3*y - 1596 = -6*d + 8*d, 4*y + 793 = -d. Let t = d + 1364. Is t a prime number?
True
Let u = -53652 + 87009. Let k = -13786 + u. Is k a composite number?
False
Let m = 320481 - -160496. Is m composite?
True
Let g = 121988 + 318143. Is g composite?
False
Let m = -566 - -578. Suppose 3*t = m, -18*n - 7415 = -19*n - 3*t. Is n composite?
True
Let a(v) be the third derivative of v**4/12 + 3*v**3/2 - 14*v**2. Let u be a(-5). Is -1*(u - 2 - 90) a composite number?
True
Let o(u) = u**3 - 22*u**2 + 44*u + 39. Let q be o(29). Let s = 4650 - q. Let x = -1071 - s. Is x prime?
True
Let y(g) = -5*g - 3. Let x be y(-1). Suppose -4*l = 3*q - 10523, -6*q = -x*q + 12. Is l composite?
False
Let t(p) = -p - 2. Let s be t(0). Let f(m) = -m**3 - 3*m - 2. Let j be f(2). Is (-1556)/j + s/8 prime?
True
Is ((-153)/68)/3 - 2603877/(-12) composite?
True
Suppose 185*z + 11487616 = 155252781. Is z a prime number?
True
Suppose 3*j - 338*s + 336*s - 8937 = 0, -3*j - 2*s + 8949 = 0. Is j prime?
False
Let o = 1065724 + -432075. Is o prime?
True
Is 2/(4/18*156/54652) a prime number?
False
Let g(y) = -y**3 - 21*y**2 - 20*y - 1. Let t be g(-20). Let j(b) = -181*b - 99*b + 42*b - 158*b + 1. Is j(t) composite?
False
Let b(g) = 33755*g + 5122. Is b(29) a composite number?
False
Let h(b) = -4*b + 6. Let r be h(4). Let y(j) = -23*j + j**3 - 4 - 9*j**2 + 21*j - 3*j**3 + 1. Is y(r) a composite number?
False
Let p be 1 - (-5 - (532 - -1)). Let z = p + -360. Is z composite?
False
Let w = 76099 + 40